{"id":1961,"date":"2024-02-15T11:55:29","date_gmt":"2024-02-15T17:55:29","guid":{"rendered":"https:\/\/www.security-one.com.mx\/?page_id=1961"},"modified":"2024-02-26T13:16:40","modified_gmt":"2024-02-26T19:16:40","slug":"seguridad-fisica","status":"publish","type":"page","link":"https:\/\/www.security-one.com.mx\/?page_id=1961","title":{"rendered":"Seguridad F\u00edsica"},"content":{"rendered":"\n<h2><img loading=\"lazy\" width=\"18\" height=\"36\" class=\"wp-image-1633\" style=\"width: 18px;\" src=\"https:\/\/www.security-one.com.mx\/wp-content\/uploads\/2020\/08\/Bullet04.png\" alt=\"\">Control de Accesos<\/h2>\n\n\n\n<p>Los controles de acceso son sistemas tecnol\u00f3gicos dise\u00f1ados para regular y gestionar qui\u00e9n tiene permiso para entrar a un inmueble, \u00e1rea o espacio restringido. Estos sistemas utilizan dispositivos electr\u00f3nicos como tarjetas de acceso, lectores de huellas dactilares, reconocimiento facial, c\u00f3digos PIN, o una combinaci\u00f3n de estos m\u00e9todos, para autenticar la identidad de las personas que intentan acceder al lugar.<\/p>\n\n\n\n<hr class=\"wp-block-separator\"\/>\n\n\n\n<h2><img loading=\"lazy\" width=\"18\" height=\"36\" class=\"wp-image-1633\" style=\"width: 18px;\" src=\"https:\/\/www.security-one.com.mx\/wp-content\/uploads\/2020\/08\/Bullet04.png\" alt=\"\">CCTV<\/h2>\n\n\n\n<p>CCTV son las siglas en ingl\u00e9s de &#8220;Closed Circuit Television&#8221;, que en espa\u00f1ol se traduce como &#8220;Televisi\u00f3n de Circuito Cerrado&#8221;. Se refiere a un sistema de videovigilancia que utiliza c\u00e1maras de video para transmitir se\u00f1ales a un conjunto espec\u00edfico de monitores o dispositivos de grabaci\u00f3n, con el objetivo de supervisar y controlar un \u00e1rea determinada en tiempo real.<\/p>\n\n\n\n<p>El sistema de CCTV consta t\u00edpicamente de c\u00e1maras de seguridad colocadas estrat\u00e9gicamente en diferentes lugares dentro de un \u00e1rea a monitorear, como edificios, calles, tiendas, estacionamientos, entre otros. Estas c\u00e1maras capturan im\u00e1genes y v\u00eddeos de lo que est\u00e1 ocurriendo en el entorno vigilado.<\/p>\n\n\n\n<hr class=\"wp-block-separator\"\/>\n\n\n\n<h2><img loading=\"lazy\" width=\"18\" height=\"36\" class=\"wp-image-1633\" style=\"width: 18px;\" src=\"https:\/\/www.security-one.com.mx\/wp-content\/uploads\/2020\/08\/Bullet04.png\" alt=\"\">Ciudad Segura<\/h2>\n\n\n\n<p>El t\u00e9rmino &#8220;Ciudad Segura&#8221; es un concepto amplio que engloba diversas medidas y estrategias dise\u00f1adas para mejorar la seguridad en entornos urbanos. En el contexto de la seguridad electr\u00f3nica, una &#8220;ciudad segura&#8221; implica el uso de tecnolog\u00edas avanzadas, como sistemas de vigilancia por video (CCTV), controles de acceso electr\u00f3nico, sistemas de alarma, iluminaci\u00f3n inteligente, entre otros, para crear entornos m\u00e1s seguros y protegidos.<\/p>\n\n\n\n<hr class=\"wp-block-separator\"\/>\n\n\n\n<h2><img loading=\"lazy\" width=\"18\" height=\"36\" class=\"wp-image-1633\" style=\"width: 18px;\" src=\"https:\/\/www.security-one.com.mx\/wp-content\/uploads\/2020\/08\/Bullet04.png\" alt=\"\">Alarmas de P\u00e1nico<\/h2>\n\n\n\n<p>Las alarmas de p\u00e1nico son dispositivos dise\u00f1ados para proporcionar una manera r\u00e1pida y discreta de solicitar ayuda en caso de emergencia o situaci\u00f3n de peligro inminente. Estas alarmas suelen estar conectadas a sistemas de seguridad o a servicios de emergencia, y su activaci\u00f3n puede desencadenar una respuesta inmediata para brindar asistencia.<\/p>\n\n\n\n<hr class=\"wp-block-separator\"\/>\n\n\n\n<p><strong>*<\/strong>Permite que <strong><a href=\"https:\/\/www.security-one.com.mx\/#contacto\" style=\"text-decoration: underline;\">nuestro equipo te asesore <\/a><\/strong>.<\/p>\n\n\n\n<hr class=\"wp-block-separator\"\/>\n\n\n\n<div style=\"margin-bottom:3em;\" class=\"wp-block-button\"><a class=\"wp-block-button__link has-text-color has-background back-to-top\" href=\"#page\" style=\"background-color:#4c4c4c;color:#ffffff;padding-top: 2px;padding-bottom: 2px;\">\u21e7<\/a><\/div>\n","protected":false},"excerpt":{"rendered":"<p>Control de Accesos, CCTV, Ciudad Segura, Alarmas de P\u00e1nico.<\/p>\n","protected":false},"author":4,"featured_media":1984,"parent":0,"menu_order":0,"comment_status":"closed","ping_status":"closed","template":"template-fullwidth.php","meta":[],"_links":{"self":[{"href":"https:\/\/www.security-one.com.mx\/index.php?rest_route=\/wp\/v2\/pages\/1961"}],"collection":[{"href":"https:\/\/www.security-one.com.mx\/index.php?rest_route=\/wp\/v2\/pages"}],"about":[{"href":"https:\/\/www.security-one.com.mx\/index.php?rest_route=\/wp\/v2\/types\/page"}],"author":[{"embeddable":true,"href":"https:\/\/www.security-one.com.mx\/index.php?rest_route=\/wp\/v2\/users\/4"}],"replies":[{"embeddable":true,"href":"https:\/\/www.security-one.com.mx\/index.php?rest_route=%2Fwp%2Fv2%2Fcomments&post=1961"}],"version-history":[{"count":8,"href":"https:\/\/www.security-one.com.mx\/index.php?rest_route=\/wp\/v2\/pages\/1961\/revisions"}],"predecessor-version":[{"id":2012,"href":"https:\/\/www.security-one.com.mx\/index.php?rest_route=\/wp\/v2\/pages\/1961\/revisions\/2012"}],"wp:featuredmedia":[{"embeddable":true,"href":"https:\/\/www.security-one.com.mx\/index.php?rest_route=\/wp\/v2\/media\/1984"}],"wp:attachment":[{"href":"https:\/\/www.security-one.com.mx\/index.php?rest_route=%2Fwp%2Fv2%2Fmedia&parent=1961"}],"curies":[{"name":"wp","href":"https:\/\/api.w.org\/{rel}","templated":true}]}}