{"id":1708,"date":"2020-08-07T16:48:03","date_gmt":"2020-08-07T21:48:03","guid":{"rendered":"https:\/\/www.security-one.com.mx\/?page_id=1708"},"modified":"2024-03-13T11:00:52","modified_gmt":"2024-03-13T17:00:52","slug":"politica-del-sistema-de-gestion-integral-2","status":"publish","type":"page","link":"https:\/\/www.security-one.com.mx\/?page_id=1708","title":{"rendered":"Pol\u00edtica del Sistema de Gesti\u00f3n Integral"},"content":{"rendered":"\n<p>Nuestra Pol\u00edtica del Sistema de Gesti\u00f3n Integral apoya la direcci\u00f3n estrat\u00e9gica de Security One, S.A. de C.V., y est\u00e1 dirigida a todas sus partes interesadas.<\/p>\n\n\n\n<p>En Security One, expresamos nuestro compromiso de proporcionar soluciones, soporte y servicios de calidad en cuanto a infraestructura, seguridad de la informaci\u00f3n y servicios en la nube, satisfaciendo las necesidades y requisitos acordados con nuestros clientes y partes interesadas, con el objetivo de dar del cumplimiento a los niveles de servicio convenidos para permanecer como empresa l\u00edder en soluciones de TI.<\/p>\n\n\n\n<p>As\u00ed mismo, protegemos la confidencialidad, integridad y disponibilidad de la informaci\u00f3n manejada y en custodia, a trav\u00e9s de la administraci\u00f3n, operaci\u00f3n, mantenimiento y mejora continua de nuestro Sistema de Gesti\u00f3n Integral con enfoque basado en riesgos, cumpliendo con los requisitos enmarcados en la Norma ISO\/IEC 27001:2022 y el marco regulatorio aplicable.<\/p>\n","protected":false},"excerpt":{"rendered":"<p>Nuestra Pol\u00edtica del Sistema de Gesti\u00f3n Integral apoya la direcci\u00f3n estrat\u00e9gica de Security One, S.A. de C.V., y est\u00e1 dirigida a todas sus partes interesadas. En Security One, expresamos nuestro &#8230;<\/p>\n","protected":false},"author":4,"featured_media":0,"parent":0,"menu_order":0,"comment_status":"closed","ping_status":"closed","template":"template-fullwidth.php","meta":[],"_links":{"self":[{"href":"https:\/\/www.security-one.com.mx\/index.php?rest_route=\/wp\/v2\/pages\/1708"}],"collection":[{"href":"https:\/\/www.security-one.com.mx\/index.php?rest_route=\/wp\/v2\/pages"}],"about":[{"href":"https:\/\/www.security-one.com.mx\/index.php?rest_route=\/wp\/v2\/types\/page"}],"author":[{"embeddable":true,"href":"https:\/\/www.security-one.com.mx\/index.php?rest_route=\/wp\/v2\/users\/4"}],"replies":[{"embeddable":true,"href":"https:\/\/www.security-one.com.mx\/index.php?rest_route=%2Fwp%2Fv2%2Fcomments&post=1708"}],"version-history":[{"count":2,"href":"https:\/\/www.security-one.com.mx\/index.php?rest_route=\/wp\/v2\/pages\/1708\/revisions"}],"predecessor-version":[{"id":2014,"href":"https:\/\/www.security-one.com.mx\/index.php?rest_route=\/wp\/v2\/pages\/1708\/revisions\/2014"}],"wp:attachment":[{"href":"https:\/\/www.security-one.com.mx\/index.php?rest_route=%2Fwp%2Fv2%2Fmedia&parent=1708"}],"curies":[{"name":"wp","href":"https:\/\/api.w.org\/{rel}","templated":true}]}}