{"id":1645,"date":"2020-08-06T23:51:02","date_gmt":"2020-08-07T04:51:02","guid":{"rendered":"https:\/\/www.security-one.com.mx\/?page_id=1645"},"modified":"2024-02-19T18:22:42","modified_gmt":"2024-02-20T00:22:42","slug":"contenidos","status":"publish","type":"page","link":"https:\/\/www.security-one.com.mx\/?page_id=1645","title":{"rendered":"Contenidos"},"content":{"rendered":"\n<h2><img loading=\"lazy\" width=\"18\" height=\"36\" class=\"wp-image-1633\" style=\"width: 18px;\" src=\"https:\/\/www.security-one.com.mx\/wp-content\/uploads\/2020\/08\/Bullet04.png\" alt=\"\">Filtrado web<\/h2>\n\n\n\n<p>Protege a tu empresa con una solucion que restringe y controla la navegaci\u00f3n en sitios Web en funci\u00f3n de las pol\u00edticas de cada organizaci\u00f3n, incrementando la productividad de los usuarios y mitigando los riesgos asociados con ataques desde p\u00e1ginas Web fraudulentas o maliciosas.<br>\nPermite que nuestro equipo te asesore con la soluci\u00f3n que mejor se adec\u00fae a las necesidades de la empresa.<\/p>\n\n\n\n<hr class=\"wp-block-separator\"\/>\n\n\n\n<h2><img loading=\"lazy\" width=\"18\" height=\"36\" class=\"wp-image-1633\" style=\"width: 18px;\" src=\"https:\/\/www.security-one.com.mx\/wp-content\/uploads\/2020\/08\/Bullet04.png\" alt=\"\">Antispam<\/h2>\n\n\n\n<p>Protege a tu empresa con una soluci\u00f3n integrada de hardware dise\u00f1ada para proteger el servidor de correo contra correo basura, correos infectados con malware, virus, spoofing, phishing. Reduce el riesgo de fuga de informaci\u00f3n y protege a los usuarios contra robo de identidad.<br>Permite que nuestro equipo te asesore con la soluci\u00f3n que mejor se adec\u00fae a las necesidades de la empresa.<\/p>\n\n\n\n<hr class=\"wp-block-separator\"\/>\n\n\n\n<h2><img loading=\"lazy\" width=\"18\" height=\"36\" class=\"wp-image-1633\" style=\"width: 18px;\" src=\"https:\/\/www.security-one.com.mx\/wp-content\/uploads\/2020\/08\/Bullet04.png\" alt=\"\">AntiSpyware<\/h2>\n\n\n\n<p>Protege a tu empresa con software dise\u00f1ado para detectar y eliminar programas maliciosos o amenazas en un equipo, As\u00ed como el antivirus se encarga de detectar posibles virus que deseen entrar en tu equipo, el antispyware detecta y elimina programas esp\u00edas para mantenerte a salvo si un equipo se infecta con spyware podr\u00e1n acceder a su informaci\u00f3n y usarla para actividades de cibercrimen.<br>Permite que nuestro equipo te asesore con la soluci\u00f3n que mejor se adec\u00fae a las necesidades de la empresa.<\/p>\n\n\n\n<hr class=\"wp-block-separator\"\/>\n\n\n\n<p><strong>*<\/strong>Permite que <strong><a href=\"https:\/\/www.security-one.com.mx\/#contacto\" style=\"text-decoration: underline;\">nuestro equipo te asesore <\/a><\/strong>.<\/p>\n\n\n\n<hr class=\"wp-block-separator\"\/>\n\n\n\n<div style=\"margin-bottom:3em;\" class=\"wp-block-button\"><a class=\"wp-block-button__link has-text-color has-background back-to-top\" href=\"#page\" style=\"background-color:#4c4c4c;color:#ffffff;padding-top: 2px;padding-bottom: 2px;\">\u21e7<\/a><\/div>\n\n\n\n<p><\/p>\n","protected":false},"excerpt":{"rendered":"<p>Filtrado web Protege a tu empresa con una solucion que restringe y controla la navegaci\u00f3n en sitios Web en funci\u00f3n de las pol\u00edticas de cada organizaci\u00f3n, incrementando la productividad de &#8230;<\/p>\n","protected":false},"author":4,"featured_media":1933,"parent":0,"menu_order":0,"comment_status":"closed","ping_status":"closed","template":"template-fullwidth.php","meta":[],"_links":{"self":[{"href":"https:\/\/www.security-one.com.mx\/index.php?rest_route=\/wp\/v2\/pages\/1645"}],"collection":[{"href":"https:\/\/www.security-one.com.mx\/index.php?rest_route=\/wp\/v2\/pages"}],"about":[{"href":"https:\/\/www.security-one.com.mx\/index.php?rest_route=\/wp\/v2\/types\/page"}],"author":[{"embeddable":true,"href":"https:\/\/www.security-one.com.mx\/index.php?rest_route=\/wp\/v2\/users\/4"}],"replies":[{"embeddable":true,"href":"https:\/\/www.security-one.com.mx\/index.php?rest_route=%2Fwp%2Fv2%2Fcomments&post=1645"}],"version-history":[{"count":24,"href":"https:\/\/www.security-one.com.mx\/index.php?rest_route=\/wp\/v2\/pages\/1645\/revisions"}],"predecessor-version":[{"id":2005,"href":"https:\/\/www.security-one.com.mx\/index.php?rest_route=\/wp\/v2\/pages\/1645\/revisions\/2005"}],"wp:featuredmedia":[{"embeddable":true,"href":"https:\/\/www.security-one.com.mx\/index.php?rest_route=\/wp\/v2\/media\/1933"}],"wp:attachment":[{"href":"https:\/\/www.security-one.com.mx\/index.php?rest_route=%2Fwp%2Fv2%2Fmedia&parent=1645"}],"curies":[{"name":"wp","href":"https:\/\/api.w.org\/{rel}","templated":true}]}}